{"id":1508,"date":"2016-01-20T08:59:43","date_gmt":"2016-01-20T10:59:43","guid":{"rendered":"http:\/\/anpsthemes.com\/construction\/?page_id=1508"},"modified":"2021-03-19T16:37:12","modified_gmt":"2021-03-19T19:37:12","slug":"gestao-2","status":"publish","type":"page","link":"https:\/\/waaconsultoria.com.br\/home\/solucoes\/gestao-2\/","title":{"rendered":"Gest\u00e3o"},"content":{"rendered":"<p>[vc_row][vc_column width=&#8221;1\/2&#8243;][vc_custom_heading text=&#8221;GEST\u00c3O&#8221; use_theme_fonts=&#8221;yes&#8221; el_class=&#8221;title&#8221;][vc_column_text]<\/p>\n<ol>\n<li>Gest\u00e3o Estrat\u00e9gica;<\/li>\n<li>Gest\u00e3o T\u00e1tica-Operacional \u2013 Desdobramento de Metas;<\/li>\n<li>Gest\u00e3o da Rotina;<\/li>\n<li>Gest\u00e3o por Processos;<\/li>\n<li>Gest\u00e3o de Projetos;<\/li>\n<li>Gest\u00e3o de Opera\u00e7\u00f5es\/ Industrial;<\/li>\n<li>Gest\u00e3o de Custos e Despesas;<\/li>\n<li>Gest\u00e3o de Receitas;<\/li>\n<li>Gest\u00e3o da Inova\u00e7\u00e3o;<\/li>\n<li>Gest\u00e3o do Ciclo Financeiro;<\/li>\n<li>Gest\u00e3o de Pessoas: Avalia\u00e7\u00e3o de Desempenho e Remunera\u00e7\u00e3o Vari\u00e1vel.<\/li>\n<\/ol>\n<p>[\/vc_column_text][\/vc_column][vc_column width=&#8221;1\/2&#8243;][vc_empty_space height=&#8221;80px&#8221;][vc_single_image image=&#8221;2406&#8243; img_size=&#8221;590&#215;394&#8243; style=&#8221;vc_box_outline&#8221;][\/vc_column][\/vc_row][vc_row][vc_column width=&#8221;1\/2&#8243;][vc_tta_accordion style=&#8221;anps-style-1&#8243; shape=&#8221;square&#8221; active_section=&#8221;1&#8243;][vc_tta_section title=&#8221;Gest\u00e3o Estrat\u00e9gica&#8221; tab_id=&#8221;1453278520348-82ca7492-26b7&#8243;][vc_column_text css=&#8221;.vc_custom_1611164590842{margin-bottom: 0px !important;}&#8221;]<b>O QUE \u00c9?<\/b><br \/>\n\u00c9 um processo estruturado para:<br \/>\n&#8211; Definir as metas plurianuais da empresa;<br \/>\n&#8211; Formular as estrat\u00e9gias;<br \/>\n&#8211; Definir os projetos estrat\u00e9gicos e as diretrizes do ano seguinte;<br \/>\n&#8211; Desdobrar as metas globais da organiza\u00e7\u00e3o at\u00e9 o n\u00edvel da execu\u00e7\u00e3o das a\u00e7\u00f5es necess\u00e1rias para alcan\u00e7a-las;<br \/>\n&#8211; Elaborar planos de a\u00e7\u00e3o para todas as metas de melhoria;<br \/>\n&#8211; Implantar uma sistem\u00e1tica de acompanhamento dos resultados e tratamento dos pontos cr\u00edticos.<\/p>\n<p><b>PARA QUE SERVE?<\/b><br \/>\nServe para entender o momento atual da empresa e do seu setor, buscando um alinhamento estrat\u00e9gico ou um novo direcionamento estrat\u00e9gico para o neg\u00f3cio, para em seguida, fazer a conex\u00e3o das diretrizes da Alta Administra\u00e7\u00e3o com a base operacional da empresa e garantir os resultados esperados para o exerc\u00edcio.<\/p>\n<p><b>RESULTADOS QUANTITATIVOS:<\/b><br \/>\n&#8211; Atingimento das metas da organiza\u00e7\u00e3o e a consequente satisfa\u00e7\u00e3o dos mercados que s\u00e3o atendidos por ela.<\/p>\n<p><b>RESULTADOS QUALITATIVOS:<\/b><br \/>\n&#8211; Comprometimento da equipe com as metas globais estabelecidas;<br \/>\n&#8211; Estrat\u00e9gias de neg\u00f3cio consistentes e alinhadas com uma clara vis\u00e3o de futuro;<br \/>\n&#8211; Desenvolvimento do pensamento estrat\u00e9gico e foco nos resultados de m\u00e9dio e longo prazo;<br \/>\n&#8211; Atitude proativa via monitoramento de cen\u00e1rios e elabora\u00e7\u00e3o de planos de conting\u00eancia;<br \/>\n&#8211; Melhoria do clima organizacional atrav\u00e9s da defini\u00e7\u00e3o de responsabilidades;<br \/>\n&#8211; Aplica\u00e7\u00e3o do m\u00e9todo PDCA desde a elabora\u00e7\u00e3o dos planos at\u00e9 o tratamento das anomalias.[\/vc_column_text][\/vc_tta_section][vc_tta_section title=&#8221;Gest\u00e3o T\u00e1tica-Operacional \u2013 Desdobramento de Metas;&#8221; tab_id=&#8221;1453278704996-2e48d0ff-944d&#8221;][vc_column_text css=&#8221;.vc_custom_1611164561598{margin-bottom: 0px !important;}&#8221;]<b>O QUE \u00c9?<\/b><br \/>\n\u00c9 um processo estruturado para garantir o atingimento das metas estrat\u00e9gicas da empresa atrav\u00e9s da realiza\u00e7\u00e3o das seguintes etapas:<br \/>\n&#8211; Desdobrar as metas globais da empresa at\u00e9 o n\u00edvel da execu\u00e7\u00e3o das a\u00e7\u00f5es necess\u00e1rias para atingi-las;<br \/>\n&#8211; Criar uma cadeia estruturada e l\u00f3gica das metas evidenciando os caminhos para a constru\u00e7\u00e3o dos resultados;<br \/>\n&#8211; Elaborar planos de a\u00e7\u00e3o para todas as metas de melhoria;<br \/>\n&#8211; Implantar uma sistem\u00e1tica de acompanhamento de resultados e tratamento das anomalias.<\/p>\n<p><b>PARA QUE SERVE?<\/b><br \/>\nServe para:<br \/>\n&#8211; Fazer a conex\u00e3o das diretrizes da alta administra\u00e7\u00e3o com a base operacional da empresa;<br \/>\n&#8211; Dar foco na atua\u00e7\u00e3o de todos os colaboradores da empresa, direcionando toda a energia e recursos para os resultados planejados;<br \/>\n&#8211; Criar uma base clara e justa para os sistemas de avalia\u00e7\u00e3o de desempenho e remunera\u00e7\u00e3o vari\u00e1vel;<br \/>\n&#8211; Desenvolver uma cultura de resultado nas empresas.<\/p>\n<p><b>RESULTADOS QUANTITATIVOS:<\/b><br \/>\n&#8211; Atingimento das metas planejadas pela empresa;<br \/>\n&#8211; Satisfa\u00e7\u00e3o das partes interessadas: clientes, acionistas, colaboradores e comunidade.<\/p>\n<p><b>RESULTADOS QUALITATIVOS:<\/b><br \/>\n&#8211; Comprometimento da equipe com as metas estabelecidas;<br \/>\n&#8211; Desenvolvimento do pensamento e do foco em resultados;<br \/>\n&#8211; Melhoria do clima organizacional atrav\u00e9s da defini\u00e7\u00e3o de responsabilidades;<br \/>\n&#8211; Aplica\u00e7\u00e3o do m\u00e9todo PDCA desde a elabora\u00e7\u00e3o dos planos at\u00e9 o tratamento das anomalias.[\/vc_column_text][\/vc_tta_section][vc_tta_section title=&#8221;Gest\u00e3o da Rotina&#8221; tab_id=&#8221;1453278708716-3462645a-c915&#8243;][vc_column_text css=&#8221;.vc_custom_1611164704349{margin-bottom: 0px !important;}&#8221;]<b>O QUE \u00c9?<\/b><br \/>\n\u00c9 o conjunto de a\u00e7\u00f5es e verifica\u00e7\u00f5es sistem\u00e1ticas conduzidas por cada pessoa da empresa, no sentido de assumir e realizar sua responsabilidade em rela\u00e7\u00e3o \u00e0s metas de cada processo.<br \/>\nEssas atividades s\u00e3o divididas em:<\/p>\n<p>Atividades de Melhorar (PDCA):<br \/>\n&#8211; Definir metas de melhoria para os processos existentes;<br \/>\n&#8211; Analisar o problema e suas causas;<br \/>\n&#8211; Elaborar e implantar os planos de a\u00e7\u00e3o para melhoria;<br \/>\n&#8211; Verificar os resultados;<br \/>\n&#8211; Padronizar ou melhorar os padr\u00f5es existentes.<\/p>\n<p>Atividades de Manter (SDCA):<br \/>\n&#8211; Descrever o neg\u00f3cio;<br \/>\n&#8211; Definir os itens de controle e suas metas;<br \/>\n&#8211; Elaborar os fluxogramas dos processos cr\u00edticos;<br \/>\n&#8211; Definir as tarefas cr\u00edticas, padronizar e treinar;<br \/>\n&#8211; Identificar e eliminar as anomalias.<\/p>\n<p><b>PARA QUE SERVE?<\/b><br \/>\nServe para garantir os resultados esperados de cada processo, permitindo que os clientes internos e externos recebam os produtos e servi\u00e7os com a especifica\u00e7\u00e3o definida: qualidade, custo prazo. Al\u00e9m disso, orienta as pessoas da empresa na busca pela melhoria desses processos, de uma forma cont\u00ednua e em etapas incrementais, fortalecendo o trabalho em equipe, o consenso e o desenvolvimento da autonomia e da responsabilidade.<\/p>\n<p><b>RESULTADOS QUANTITATIVOS:<\/b><br \/>\n&#8211; Aumento da satisfa\u00e7\u00e3o dos clientes internos e externos.<br \/>\n&#8211; Aumento da efic\u00e1cia da empresa.<\/p>\n<p><b>RESULTADOS QUALITATIVOS:<\/b><br \/>\n&#8211; Melhoria do moral das pessoas da empresa;<br \/>\n&#8211; Melhoria da imagem da empresa;<br \/>\n&#8211; Aumento da capacidade anal\u00edtica das pessoas;<br \/>\n&#8211; Previsibilidade e repetibilidade dos processos atrav\u00e9s da padroniza\u00e7\u00e3o.[\/vc_column_text][\/vc_tta_section][vc_tta_section title=&#8221;Gest\u00e3o por Processos&#8221; tab_id=&#8221;1453278719768-885e6062-5ba0&#8243;][vc_column_text css=&#8221;.vc_custom_1611164772641{margin-bottom: 0px !important;}&#8221;]<b>O QUE \u00c9?<\/b><br \/>\n\u00c9 uma solu\u00e7\u00e3o aplicada para a otimiza\u00e7\u00e3o dos processos de uma organiza\u00e7\u00e3o inteira ou de fun\u00e7\u00f5es espec\u00edficas, baseada no ciclo PDCA, sempre que sejam demandados novos patamares de produtividade e qualidade que n\u00e3o podem ser obtidos com a vis\u00e3o departamental de melhoria cont\u00ednua.<\/p>\n<p><b>PARA QUE SERVE?<\/b><br \/>\nServe para a organiza\u00e7\u00e3o ou fun\u00e7\u00e3o:<br \/>\n&#8211; Promover a adequa\u00e7\u00e3o dos recursos aos resultados pretendidos;<br \/>\n&#8211; Ordenar os processos internos, clareando autoridade e responsabilidade com o foco dos clientes \/ resultado.<\/p>\n<p><b>RESULTADOS QUANTITATIVOS:<\/b><br \/>\n&#8211; Redu\u00e7\u00e3o das despesas e dos custos fixos e vari\u00e1veis;<br \/>\n&#8211; Redu\u00e7\u00e3o dos retrabalhos;<br \/>\n&#8211; Aumento da produtividade.<br \/>\n&#8211; Melhorias significativas nos indicadores de qualidade e de relacionamento com os clientes;<br \/>\n&#8211; Elimina\u00e7\u00e3o de redund\u00e2ncias, esperas e retrabalhos.<\/p>\n<p><b>RESULTADOS QUALITATIVOS:<\/b><br \/>\n&#8211; Comprometimento da equipe com os resultados dos processos reprojetados;<br \/>\n&#8211; Melhoria da comunica\u00e7\u00e3o em toda a organiza\u00e7\u00e3o, atrav\u00e9s da atribui\u00e7\u00e3o de metas claras e da defini\u00e7\u00e3o dos n\u00edveis de autoridade e responsabilidade;<br \/>\n&#8211; Maior previsibilidade atrav\u00e9s da padroniza\u00e7\u00e3o.[\/vc_column_text][\/vc_tta_section][vc_tta_section title=&#8221;Gest\u00e3o de Projetos&#8221; tab_id=&#8221;1453278719253-0a2170b7-7b6b&#8221;][vc_column_text css=&#8221;.vc_custom_1611165009264{margin-bottom: 0px !important;}&#8221;]<b>O QUE \u00c9?<\/b><br \/>\n\u00c9 um processo aderente \u00e0s melhores pr\u00e1ticas de mercado, estruturado para:<br \/>\n&#8211; Iniciar um projeto;<br \/>\n&#8211; Planejar o projeto;<br \/>\n&#8211; Acompanhar a execu\u00e7\u00e3o do projeto;<br \/>\n&#8211; Encerrar o projeto.<\/p>\n<p>Todo projeto consiste em um esfor\u00e7o tempor\u00e1rio para produzir um resultado\/ produto\/ servi\u00e7o \u00fanico.<\/p>\n<p><b>PARA QUE SERVE?<\/b><br \/>\nServe para garantir que os projetos ser\u00e3o bem sucedidos e que em seu t\u00e9rmino seja poss\u00edvel obter:<br \/>\n&#8211; Cliente satisfeito;<br \/>\n&#8211; Atingimento dos indicadores de resultados: prazo, escopo, custo e qualidade;<br \/>\n&#8211; Elevado moral da equipe do projeto.<\/p>\n<p><b>RESULTADOS QUANTITATIVOS:<\/b><br \/>\n&#8211; Cumprimento do escopo, prazos e or\u00e7amento previstos.<\/p>\n<p><b>RESULTADOS QUALITATIVOS:<\/b><br \/>\n&#8211; Maior alinhamento com as metas globais da empresa;<br \/>\n&#8211; Avalia\u00e7\u00e3o e redu\u00e7\u00e3o de riscos;<br \/>\n&#8211; Menor estresse na realiza\u00e7\u00e3o do projeto;<br \/>\n&#8211; Maior moral da equipe envolvida no projeto.[\/vc_column_text][\/vc_tta_section][\/vc_tta_accordion][\/vc_column][vc_column width=&#8221;1\/2&#8243;][vc_tta_accordion style=&#8221;anps-style-1&#8243; shape=&#8221;square&#8221; active_section=&#8221;1&#8243;][vc_tta_section title=&#8221;Gest\u00e3o de Opera\u00e7\u00f5es \/ Industrial&#8221; tab_id=&#8221;1611159088843-b0fd41c2-d8f6&#8243;][vc_column_text css=&#8221;.vc_custom_1611165115434{margin-bottom: 0px !important;}&#8221;]<b>O QUE \u00c9?<\/b><br \/>\n\u00c9 uma solu\u00e7\u00e3o aplicada para padronizar os conceitos de medi\u00e7\u00e3o e controle por meio de indicadores. Define quais s\u00e3o as regras de c\u00e1lculo e m\u00e9todos de medi\u00e7\u00e3o para cada indicador.<\/p>\n<p><b>PARA QUE SERVE?<\/b><br \/>\nServe para:<br \/>\n&#8211; Comparar indicadores entre opera\u00e7\u00f5es\/ plantas;<br \/>\n&#8211; Comparar os indicadores da empresa com a concorr\u00eancia;<br \/>\n&#8211; Comparar os indicadores da empresa com outras opera\u00e7\u00f5es\/ ind\u00fastrias;<br \/>\n&#8211; Ter uma linguagem padr\u00e3o.<\/p>\n<p><b>RESULTADOS QUANTITATIVOS:<\/b><br \/>\n&#8211; Maior produ\u00e7\u00e3o durante o mesmo per\u00edodo de tempo, com melhor qualidade;<br \/>\n&#8211; Redu\u00e7\u00e3o dos custos vari\u00e1veis;<br \/>\n&#8211; Melhoria da efici\u00eancia global;<\/p>\n<p><b>RESULTADOS QUALITATIVOS:<\/b><br \/>\n&#8211; Conhecimento da situa\u00e7\u00e3o atual de cada equipamento, com \u00eanfase nas perdas por paradas, perdas de produ\u00e7\u00e3o e perdas de qualidade;<br \/>\n&#8211; Benchmark dos principais indicadores;<br \/>\n&#8211; Defini\u00e7\u00e3o de como utilizar os tempos de opera\u00e7\u00e3o\/ produ\u00e7\u00e3o;<br \/>\n&#8211; Detalhamento e formaliza\u00e7\u00e3o dos indicadores definidos;<br \/>\n&#8211; Capacita\u00e7\u00e3o dos colaboradores envolvidos.[\/vc_column_text][\/vc_tta_section][vc_tta_section title=&#8221;Gest\u00e3o de Custos e Despesas&#8221; tab_id=&#8221;1611159088911-aeeeda25-b4a9&#8243;][vc_column_text css=&#8221;.vc_custom_1611165210149{margin-bottom: 0px !important;}&#8221;]<b>O QUE \u00c9?<\/b><br \/>\n\u00c9 um processo estruturado para reduzir os custos e despesas da empresa. Basicamente \u00e9 estruturado da seguinte forma:<br \/>\n&#8211; Fazer o planejamento or\u00e7ament\u00e1rio com defini\u00e7\u00e3o das metas e planos\/ padr\u00f5es para reduzir os custos e despesas;<br \/>\n&#8211; Fazer o controle or\u00e7ament\u00e1rio pelo acompanhamento sistem\u00e1tico das metas, comparando os valores previstos com os realizados e tomando as a\u00e7\u00f5es corretivas sempre que necess\u00e1rio.<\/p>\n<p><b>PARA QUE SERVE?<\/b><br \/>\nServe para preparar ou revisar o or\u00e7amento de custos e despesas da empresa, bem como acompanhar sua execu\u00e7\u00e3o. O objetivo \u00e9 encontrar oportunidades de redu\u00e7\u00e3o de gastos, fundamentado na an\u00e1lise detalhada das principais contas cont\u00e1beis de custos e despesas. Tamb\u00e9m s\u00e3o utilizadas t\u00e9cnicas de an\u00e1lise de contratos e compara\u00e7\u00e3o de desempenho de indicadores para defini\u00e7\u00e3o das metas preliminares. Todas as metas s\u00e3o negociadas com os respectivos respons\u00e1veis pelos centros de custo, para a consolida\u00e7\u00e3o do or\u00e7amento da empresa.<\/p>\n<p><b>RESULTADOS QUANTITATIVOS:<\/b><br \/>\n&#8211; Redu\u00e7\u00e3o dos custos e despesas da empresa.<\/p>\n<p><b>RESULTADOS QUALITATIVOS:<\/b><br \/>\n&#8211; Aumento da participa\u00e7\u00e3o dos funcion\u00e1rios no processo de controle dos gastos;<br \/>\n&#8211; Melhoria da qualidade das informa\u00e7\u00f5es cont\u00e1beis de custos e despesas;<br \/>\n&#8211; Melhoria no n\u00edvel de conhecimento dos gestores sobre os diversos tipos de gastos que ocorrem na empresa;<br \/>\n&#8211; Monitoramento consistente das metas definidas;<br \/>\n&#8211; Aplica\u00e7\u00e3o do m\u00e9todo PDCA desde a elabora\u00e7\u00e3o dos planos at\u00e9 o tratamento das anomalias.[\/vc_column_text][\/vc_tta_section][vc_tta_section title=&#8221;Gest\u00e3o de Receitas&#8221; tab_id=&#8221;1611159088982-0d297d9a-8939&#8243;][vc_column_text css=&#8221;.vc_custom_1611165326279{margin-bottom: 0px !important;}&#8221;]<b>O QUE \u00c9?<\/b><br \/>\n\u00c9 um processo estruturado para aumentar as receitas da empresa. Basicamente \u00e9 estruturado da seguinte forma:<br \/>\n&#8211; Fazer o planejamento or\u00e7ament\u00e1rio com defini\u00e7\u00e3o das metas e planos para aumentar as receitas;<br \/>\n&#8211; Fazer o controle or\u00e7ament\u00e1rio pelo acompanhamento sistem\u00e1tico das metas, comparando os valores previstos com os realizados e tomando as a\u00e7\u00f5es corretivas sempre que necess\u00e1rio.<\/p>\n<p><b>PARA QUE SERVE?<\/b><br \/>\nServe para preparar ou revisar o or\u00e7amento de receitas da empresa, bem como acompanhar sua execu\u00e7\u00e3o. O objetivo \u00e9 encontrar oportunidades de aumento de receitas, fundamentada na an\u00e1lise detalhada das principais receitas, produtos\/ servi\u00e7os e clientes da empresa. Todas as metas s\u00e3o negociadas com os respectivos respons\u00e1veis por vendas, para a consolida\u00e7\u00e3o do or\u00e7amento da empresa.<\/p>\n<p><b>RESULTADOS QUANTITATIVOS:<\/b><br \/>\n&#8211; Aumento das receitas da empresa;<br \/>\n&#8211; Aumento da rentabilidade da empresa.<\/p>\n<p><b>RESULTADOS QUALITATIVOS:<\/b><br \/>\n&#8211; Conhecimento da equipe comercial\/ vendas no desdobramento de metas, at\u00e9 o \u00faltimo n\u00edvel de sua estrutura;<br \/>\n&#8211; Metas espec\u00edficas para cada vendedor, cliente e produto\/ servi\u00e7o;<br \/>\n&#8211; Conscientiza\u00e7\u00e3o da import\u00e2ncia de uma venda bem feita;<br \/>\n&#8211; Monitoramento consistente das metas definidas;<br \/>\n&#8211; Aplica\u00e7\u00e3o do m\u00e9todo PDCA desde a elabora\u00e7\u00e3o dos planos at\u00e9 o tratamento das anomalias.[\/vc_column_text][\/vc_tta_section][vc_tta_section title=&#8221;Gest\u00e3o da Inova\u00e7\u00e3o&#8221; tab_id=&#8221;1611159088772-53005813-0659&#8243;][vc_column_text css=&#8221;.vc_custom_1611165444927{margin-bottom: 0px !important;}&#8221;]<b>O QUE \u00c9?<\/b><br \/>\n\u00c9 um processo estruturado para desenvolvimento\/ remodelagem de produtos, servi\u00e7os e processos, visando:<br \/>\n&#8211; Identificar necessidades de mercado;<br \/>\n&#8211; Traduzir as necessidades de mercado em especifica\u00e7\u00f5es t\u00e9cnicas de produto;<br \/>\n&#8211; Desenvolver o processo para produzir e entregar o produto;<br \/>\n&#8211; Definir novos padr\u00f5es operacionais para o processo desenvolvido.<\/p>\n<p><b>PARA QUE SERVE?<\/b><br \/>\nServe para adequar os produtos e servi\u00e7os \u00e0s constantes mudan\u00e7as do mercado, de forma econ\u00f4mica, eficiente e r\u00e1pida. Com tais adequa\u00e7\u00f5es espera-se obter aumento do valor agregado percebido pelos clientes, o aumento do market share do produto\/ servi\u00e7o no segmento e o aumento das vendas do produto. Busca tamb\u00e9m melhorar a margem de contribui\u00e7\u00e3o dos produtos\/ servi\u00e7os do portfolio da empresa.<\/p>\n<p><b>RESULTADOS QUANTITATIVOS:<\/b><br \/>\n&#8211; Aumento de market share;<br \/>\n&#8211; Aumento de vendas;<br \/>\n&#8211; Aumento da margem do segmento;<br \/>\n&#8211; Redu\u00e7\u00e3o do Custo do Produto Vendido (CPV);<br \/>\n&#8211; Redu\u00e7\u00e3o do tempo de desenvolvimento de produtos;<br \/>\n&#8211; Redu\u00e7\u00e3o do custo de desenvolvimento dos produtos.<\/p>\n<p><b>RESULTADOS QUALITATIVOS:<\/b><br \/>\n&#8211; Melhoria da qualidade percebida pelos clientes;<br \/>\n&#8211; Maior integra\u00e7\u00e3o entre as \u00e1reas envolvidas com o desenvolvimento de produtos;<br \/>\n&#8211; Maior adequa\u00e7\u00e3o dos produtos novos aos processos produtivos;<br \/>\n&#8211; Redu\u00e7\u00e3o no tempo para o novo produto atingir o n\u00edvel de qualidade esperado.[\/vc_column_text][\/vc_tta_section][vc_tta_section title=&#8221;Gest\u00e3o do Ciclo Financeiro&#8221; tab_id=&#8221;1611159163395-1fe58709-46cb&#8221;][vc_column_text css=&#8221;.vc_custom_1611165540379{margin-bottom: 0px !important;}&#8221;]<b>O QUE \u00c9?<\/b><br \/>\n\u00c9 um processo estruturado para reduzir a Necessidade de Capital de Giro (NCG) atrav\u00e9s da an\u00e1lise de valores: a receber de clientes, a pagar de fornecedores e em estoque.<\/p>\n<p><b>PARA QUE SERVE?<\/b><br \/>\nServe para reduzir o Ciclo Financeiro da empresa, seja por ele estar muito acima da m\u00e9dia do seu setor, com tend\u00eancia crescente nos \u00faltimos anos, ou at\u00e9 mesmo quando as melhorias de receita, custos e despesas n\u00e3o aparecem no fluxo de caixa e no saldo de tesouraria da empresa, pois indica que a NCG n\u00e3o est\u00e1 sendo bem gerenciada<\/p>\n<p><b>RESULTADOS QUANTITATIVOS:<\/b><br \/>\n&#8211; Redu\u00e7\u00e3o no ciclo financeiro da empresa, atrav\u00e9s da redu\u00e7\u00e3o dos prazos das contas a receber e dos estoques, bem como do aumento de prazo do contas a pagar.<\/p>\n<p><b>RESULTADOS QUALITATIVOS:<\/b><br \/>\n&#8211; Maior entendimento do conte\u00fado das contas que contribuem para a necessidade de capital de giro da empresa;<br \/>\n&#8211; Maior participa\u00e7\u00e3o no controle do contas a receber, contas a pagar e estoques;<br \/>\n&#8211; Adequa\u00e7\u00e3o na concess\u00e3o de cr\u00e9dito a clientes;<br \/>\n&#8211; Aplica\u00e7\u00e3o do m\u00e9todo PDCA desde a elabora\u00e7\u00e3o dos planos at\u00e9 o tratamento das anomalias.[\/vc_column_text][\/vc_tta_section][vc_tta_section title=&#8221;Gest\u00e3o de Pessoas \u2013 Avalia\u00e7\u00e3o de Desempenho e Remunera\u00e7\u00e3o Vari\u00e1vel&#8221; tab_id=&#8221;1611165557295-cf3db386-e710&#8243;][vc_column_text css=&#8221;.vc_custom_1616182551610{padding-top: 30px !important;}&#8221;]<\/p>\n<h4><strong>Avalia\u00e7\u00e3o de Desempenho<\/strong><\/h4>\n<p>[\/vc_column_text][vc_column_text css=&#8221;.vc_custom_1611165717697{margin-bottom: 0px !important;}&#8221;]<b>O QUE \u00c9?<\/b><br \/>\n\u00c9 um processo de acompanhamento sistem\u00e1tico do desempenho das pessoas no trabalho. \u00c9 tamb\u00e9m um instrumento para a Gest\u00e3o de Pessoas, com os objetivos de:<br \/>\n&#8211; Formalizar metas e an\u00e1lises de resultados;<br \/>\n&#8211; Gerar feedback entre avaliadores e avaliados, indicando oportunidades de melhoria e necessidade de mudan\u00e7a nos processos e no comportamento;<br \/>\n&#8211; Disponibilizar informa\u00e7\u00f5es estruturadas para: promover pessoas, remanejar pessoas entre cargos e unidades, desligar pessoas, indicar pessoas para serem treinadas.<\/p>\n<p><b>PARA QUE SERVE?<\/b><br \/>\nServe para:<br \/>\n&#8211; Preparar e orientar pessoas para procederem avalia\u00e7\u00f5es quantitativas (resultados mensur\u00e1veis) e qualitativas (comportamento no trabalho), de modo imparcial;<br \/>\n&#8211; Identificar as necessidades de aprimoramento nas compet\u00eancias dos gestores e colaboradores;<br \/>\n&#8211; Estabelecer um acordo formal, deixando claro qual a contribui\u00e7\u00e3o de cada colaborador no resultado global da empresa;<br \/>\n&#8211; Estimular o autodesenvolvimento;<br \/>\n&#8211; Criar procedimentos padronizados para reduzir a subjetividade do processo de avalia\u00e7\u00e3o.<\/p>\n<p><b>RESULTADOS QUANTITATIVOS:<\/b><br \/>\n&#8211; Melhoria dos resultados da empresa;<br \/>\n&#8211; Aumento da receita e de mercado;<br \/>\n&#8211; Redu\u00e7\u00e3o de custos e despesas;<br \/>\n&#8211; Aumento da produtividade.<\/p>\n<p><b>RESULTADOS QUALITATIVOS:<\/b><br \/>\n&#8211; Avalia\u00e7\u00e3o de pessoas utilizando um \u00fanico m\u00e9todo de medi\u00e7\u00e3o de resultados e comportamentos;<br \/>\n&#8211; Compara\u00e7\u00e3o de desempenhos e resultados entre Unidades compar\u00e1veis;<br \/>\n&#8211; Prioriza\u00e7\u00e3o de programas de treinamento com foco na melhoria de resultados.[\/vc_column_text][vc_column_text css=&#8221;.vc_custom_1611165999139{padding-top: 30px !important;}&#8221;]<\/p>\n<h4><strong>Remunera\u00e7\u00e3o Vari\u00e1vel<\/strong><\/h4>\n<p>[\/vc_column_text][vc_column_text css=&#8221;.vc_custom_1611165931871{margin-bottom: 0px !important;}&#8221;]<b>O QUE \u00c9?<\/b><br \/>\n\u00c9 um processo estruturado para:<br \/>\n&#8211; Recompensar desempenhos que atingirem ou superarem as metas;<br \/>\n&#8211; Aumentar o comprometimento dos colaboradores com os resultados da empresa;<br \/>\n&#8211; Valorizar o gerenciamento por metas e a avalia\u00e7\u00e3o de resultados;<br \/>\n&#8211; Distribuir b\u00f4nus em fun\u00e7\u00e3o dos lucros e resultados obtidos pela empresa;<br \/>\n&#8211; Efetuar pagamentos de comiss\u00f5es por resultados da fun\u00e7\u00e3o comercial.<\/p>\n<p><b>PARA QUE SERVE?<\/b><br \/>\nServe para:<br \/>\n&#8211; Estabelecer crit\u00e9rios para recompensar 3 grupos: gerencial, gestores de neg\u00f3cio da \u00e1rea comercial e colaboradores em geral, atrav\u00e9s de pagamento de b\u00f4nus, pagamento de comiss\u00f5es sobre os neg\u00f3cios comerciais e PLR ou PPR, respectivamente;<br \/>\n&#8211; Focar as pessoas no crescimento da empresa e seus mercados;<br \/>\n&#8211; Focar as pessoas na melhoria de resultados e processos.<\/p>\n<p><b>RESULTADOS QUANTITATIVOS:<\/b><br \/>\nAplica\u00e7\u00e3o da recompensa quando ocorre:<br \/>\n&#8211; Melhoria dos resultados da empresa;<br \/>\n&#8211; Aumento de receita e mercado;<br \/>\n&#8211; Redu\u00e7\u00e3o de custos e despesas;<br \/>\n&#8211; Aumento da produtividade.<\/p>\n<p><b>RESULTADOS QUALITATIVOS:<\/b><br \/>\n&#8211; Aumento do grau de comprometimento dos colaboradores com os neg\u00f3cios da empresa;<br \/>\n&#8211; Recompensa \u00e0s pessoas pelos resultados;<br \/>\n&#8211; Valoriza\u00e7\u00e3o do trabalho em equipe;<br \/>\n&#8211; Transforma\u00e7\u00e3o dos custos fixos em custos vari\u00e1veis;<br \/>\n&#8211; Cria\u00e7\u00e3o de indicadores que me\u00e7am ganhos de produtividade;<br \/>\n&#8211; Contribui\u00e7\u00e3o para os processos de mudan\u00e7a e inova\u00e7\u00e3o;<br \/>\n&#8211; Garantia do retorno do capital esperado pelos acionistas.[\/vc_column_text][\/vc_tta_section][\/vc_tta_accordion][\/vc_column][\/vc_row]<\/p>\n","protected":false},"excerpt":{"rendered":"<p>[vc_row][vc_column width=&#8221;1\/2&#8243;][vc_custom_heading text=&#8221;GEST\u00c3O&#8221; use_theme_fonts=&#8221;yes&#8221; el_class=&#8221;title&#8221;][vc_column_text] Gest\u00e3o Estrat\u00e9gica; Gest\u00e3o T\u00e1tica-Operacional \u2013 Desdobramento de Metas; Gest\u00e3o da Rotina; Gest\u00e3o por Processos; Gest\u00e3o de Projetos; Gest\u00e3o de Opera\u00e7\u00f5es\/ Industrial; Gest\u00e3o de Custos e Despesas; Gest\u00e3o de Receitas; Gest\u00e3o da Inova\u00e7\u00e3o; Gest\u00e3o do Ciclo &hellip;<\/p>\n","protected":false},"author":1,"featured_media":0,"parent":2365,"menu_order":2,"comment_status":"closed","ping_status":"closed","template":"","meta":[],"_links":{"self":[{"href":"https:\/\/waaconsultoria.com.br\/home\/wp-json\/wp\/v2\/pages\/1508"}],"collection":[{"href":"https:\/\/waaconsultoria.com.br\/home\/wp-json\/wp\/v2\/pages"}],"about":[{"href":"https:\/\/waaconsultoria.com.br\/home\/wp-json\/wp\/v2\/types\/page"}],"author":[{"embeddable":true,"href":"https:\/\/waaconsultoria.com.br\/home\/wp-json\/wp\/v2\/users\/1"}],"replies":[{"embeddable":true,"href":"https:\/\/waaconsultoria.com.br\/home\/wp-json\/wp\/v2\/comments?post=1508"}],"version-history":[{"count":18,"href":"https:\/\/waaconsultoria.com.br\/home\/wp-json\/wp\/v2\/pages\/1508\/revisions"}],"predecessor-version":[{"id":2753,"href":"https:\/\/waaconsultoria.com.br\/home\/wp-json\/wp\/v2\/pages\/1508\/revisions\/2753"}],"up":[{"embeddable":true,"href":"https:\/\/waaconsultoria.com.br\/home\/wp-json\/wp\/v2\/pages\/2365"}],"wp:attachment":[{"href":"https:\/\/waaconsultoria.com.br\/home\/wp-json\/wp\/v2\/media?parent=1508"}],"curies":[{"name":"wp","href":"https:\/\/api.w.org\/{rel}","templated":true}]}}