{"id":1524,"date":"2016-01-20T09:16:53","date_gmt":"2016-01-20T11:16:53","guid":{"rendered":"http:\/\/anpsthemes.com\/construction\/?page_id=1524"},"modified":"2021-01-20T15:37:04","modified_gmt":"2021-01-20T18:37:04","slug":"iso","status":"publish","type":"page","link":"https:\/\/waaconsultoria.com.br\/home\/solucoes\/iso\/","title":{"rendered":"Normas ISO + SGI + Padroniza\u00e7\u00e3o"},"content":{"rendered":"<p>[vc_row][vc_column width=&#8221;1\/2&#8243;][vc_custom_heading text=&#8221;Normas ISO + SGI + Padroniza\u00e7\u00e3o:&#8221; use_theme_fonts=&#8221;yes&#8221; el_class=&#8221;title&#8221;][vc_column_text]<\/p>\n<ol>\n<li>Prepara\u00e7\u00e3o da empresa para as Certifica\u00e7\u00f5es: Obten\u00e7\u00e3o, Manuten\u00e7\u00e3o e Renova\u00e7\u00e3o.<\/li>\n<\/ol>\n<p>[\/vc_column_text][\/vc_column][vc_column width=&#8221;1\/2&#8243;][vc_single_image image=&#8221;2542&#8243; img_size=&#8221;590&#215;394&#8243;][\/vc_column][\/vc_row][vc_row][vc_column][vc_tta_accordion style=&#8221;anps-style-1&#8243; shape=&#8221;square&#8221; active_section=&#8221;1&#8243;][vc_tta_section title=&#8221;ISO 9001&#8243; tab_id=&#8221;1453278718305-b6d352bb-e0a6&#8243;][vc_column_text css=&#8221;.vc_custom_1611167482864{margin-bottom: 0px !important;}&#8221;]<b>O QUE \u00c9?<\/b><\/p>\n<p>Norma internacionalmente reconhecida para a cria\u00e7\u00e3o, implementa\u00e7\u00e3o e manuten\u00e7\u00e3o de um Sistema de Gest\u00e3o da Qualidade para qualquer organiza\u00e7\u00e3o, de todo tamanho ou setor.<\/p>\n<p>\u00c9 a base para qualquer neg\u00f3cio criar um sistema para assegurar a satisfa\u00e7\u00e3o do cliente e a melhoria cont\u00ednua. Dessa forma, muitas empresas utilizam esta norma como um requisito b\u00e1sico para selecionar um fornecedor.<\/p>\n<p>Portanto, sua implementa\u00e7\u00e3o \u00e9 uma decis\u00e3o estrat\u00e9gica, que permite \u00e0s organiza\u00e7\u00f5es aprimorarem continuamente seu desempenho, para entregarem produtos e servi\u00e7os em altos n\u00edveis de qualidade ao cliente.<\/p>\n<p><b>PARA QUE SERVE?<\/b><br \/>\nServe para:<br \/>\n&#8211; Alinhar os prop\u00f3sitos da organiza\u00e7\u00e3o com as pr\u00e1ticas da opera\u00e7\u00e3o e o atendimento das necessidades dos clientes;<br \/>\n&#8211; Identificar oportunidades de melhoria por meio de a\u00e7\u00f5es sobre o resultado das avalia\u00e7\u00f5es de satisfa\u00e7\u00e3o de clientes, tratamento de n\u00e3o conformidades (anomalias), a\u00e7\u00f5es corretivas e preventivas.<br \/>\n&#8211; Ter um mecanismo de controle sobre os diversos processos e produtos.<\/p>\n<p><b>RESULTADOS QUANTITATIVOS:<\/b><br \/>\n&#8211; Metas atingidas por meio da utiliza\u00e7\u00e3o de controles adequados;<br \/>\n&#8211; Redu\u00e7\u00e3o de custos;<br \/>\n&#8211; Melhoria da qualidade e da produtividade;<br \/>\n&#8211; Aumento da possibilidade da organiza\u00e7\u00e3o atuar em novos mercados.<\/p>\n<p><b>RESULTADOS QUALITATIVOS:<\/b><br \/>\n&#8211; Gest\u00e3o consistente com os prop\u00f3sitos da organiza\u00e7\u00e3o e necessidades dos clientes;<br \/>\n&#8211; Comprometimento da equipe com as metas estabelecidas;<br \/>\n&#8211; Melhoria significativa no relacionamento entre as \u00e1reas da organiza\u00e7\u00e3o, por meio do entendimento do conceito de cliente interno dos processos e produtos;<br \/>\n&#8211; Desenvolvimento do n\u00edvel gerencial e operacional com foco em resultados;<br \/>\n-Melhoria cont\u00ednua atrav\u00e9s do tratamento de n\u00e3o conformidades (anomalias), implementa\u00e7\u00e3o de a\u00e7\u00f5es corretivas e preventivas;<br \/>\n&#8211; Identifica\u00e7\u00e3o e mitiga\u00e7\u00e3o de riscos;<br \/>\n&#8211; Cumprimento de requisitos legais e regulat\u00f3rios;<br \/>\n&#8211; Reconhecimento nacional e internacional \u00e0 qualidade do trabalho realizado pela empresa.[\/vc_column_text][\/vc_tta_section][vc_tta_section title=&#8221;ISO 14001&#8243; tab_id=&#8221;1453278719253-0a2170b7-7b6b&#8221;][vc_column_text css=&#8221;.vc_custom_1611167572469{margin-bottom: 0px !important;}&#8221;]<b>O QUE \u00c9?<\/b><br \/>\nNorma internacionalmente reconhecida para a cria\u00e7\u00e3o, implementa\u00e7\u00e3o e manuten\u00e7\u00e3o de um Sistema de Gest\u00e3o Ambiental, para qualquer organiza\u00e7\u00e3o, de todo tamanho ou setor.<\/p>\n<p>Auxilia a organiza\u00e7\u00e3o a reduzir o impacto ambiental e a ampliar os seus neg\u00f3cios, possibilitando que as mesmas atendam as suas necessidades socioecon\u00f4micas em equil\u00edbrio com a prote\u00e7\u00e3o do meio ambiente.<\/p>\n<p>Significa estabelecer pol\u00edticas, procedimentos gerenciais e pr\u00e1ticas operacionais voltados para a preven\u00e7\u00e3o da polui\u00e7\u00e3o, o uso racional dos recursos ambientais e o atendimento \u00e0 legisla\u00e7\u00e3o aplic\u00e1vel \u00e0s atividades, produtos e servi\u00e7os da organiza\u00e7\u00e3o. A exist\u00eancia do Sistema de Gest\u00e3o Ambiental pressup\u00f5e um compromisso com a melhoria cont\u00ednua do desempenho ambiental.<\/p>\n<p>Para uma organiza\u00e7\u00e3o ser sustent\u00e1vel, a mesma deve estar seriamente preocupada em como a suas a\u00e7\u00f5es ir\u00e3o impactar o meio ambiente e interferir nas condi\u00e7\u00f5es de vida para as gera\u00e7\u00f5es atuais e as futuras.<\/p>\n<p><b>PARA QUE SERVE?<\/b><br \/>\nServe para garantir que a empresa esteja sempre em conformidade com os requisitos legais e que possa demonstrar ao mercado a \u00e0 comunidade, sua postura de atua\u00e7\u00e3o respons\u00e1vel para com as quest\u00f5es ambientais, consideradas estrat\u00e9gicas para a sustentabilidade do neg\u00f3cio.<\/p>\n<p><b>RESULTADOS QUANTITATIVOS:<\/b><br \/>\n&#8211; Melhoria do desempenho ambiental: emiss\u00f5es atmosf\u00e9ricas e efluentes l\u00edquidos dentro de padr\u00f5es legais, gerenciamento de res\u00edduos buscando sua redu\u00e7\u00e3o na fonte e formas de reaproveitamento;<br \/>\n&#8211; Redu\u00e7\u00e3o de desperd\u00edcios de mat\u00e9rias-primas e recursos ambientais (\u00e1gua, energia el\u00e9trica);<br \/>\n&#8211; Aumento da rentabilidade.<\/p>\n<p><b>RESULTADOS QUALITATIVOS:<\/b><br \/>\n&#8211; Comprometimento de todos da empresa, principalmente da lideran\u00e7a, com os resultados;<br \/>\n&#8211; Redu\u00e7\u00e3o de riscos de acidentes ambientais, multas, processos judiciais;<br \/>\n&#8211; Conformidade legal e melhor relacionamento com os \u00f3rg\u00e3os ambientais;<br \/>\n&#8211; Conformidade com os requisitos do mercado no qual a empresa atua, inclusive o mercado internacional;<br \/>\n&#8211; Conformidade com os requisitos de financiamento de bancos;<br \/>\n&#8211; Melhoria da imagem institucional perante a comunidade, mercado e colaboradores.[\/vc_column_text][\/vc_tta_section][vc_tta_section title=&#8221;SGI \u2013 Sistema de Gest\u00e3o Integrado&#8221; tab_id=&#8221;1611167310809-2e4fe528-15fd&#8221;][vc_column_text css=&#8221;.vc_custom_1611167694584{margin-bottom: 0px !important;}&#8221;]<b>O QUE \u00c9?<\/b><br \/>\nImplantar um Sistema de Gest\u00e3o Integrado (com as normas ISO 9001, ISO 14001 e ISO 45001) significa estabelecer e implantar pol\u00edticas, procedimentos gerenciais e operacionais voltados para o gerenciamento integrado dos aspectos do neg\u00f3cio.<\/p>\n<p>Este sistema de gest\u00e3o busca realizar a integra\u00e7\u00e3o dos processos de qualidade, meio ambiente, seguran\u00e7a, sa\u00fade ocupacional e responsabilidade social conforme caracter\u00edsticas, atividades e necessidades de cada organiza\u00e7\u00e3o.<\/p>\n<p><b>PARA QUE SERVE?<\/b><br \/>\nServe para garantir que a empresa direcione seus esfor\u00e7os de maneira sistem\u00e1tica e integrada, para controlar seus processos, satisfazer as necessidades de seus clientes, atender \u00e0 legisla\u00e7\u00e3o ambiental aplic\u00e1vel e promover as melhores condi\u00e7\u00f5es de seguran\u00e7a do trabalho, sa\u00fade ocupacional e responsabilidade social para seus colaboradores.<\/p>\n<p>As estruturas das normas de gest\u00e3o s\u00e3o semelhantes e fundem-se num \u00fanico modelo de gest\u00e3o. As normas de gest\u00e3o seguem a estrutura\u00e7\u00e3o do modelo baseado no ciclo PDCA (Plan, Do, Check e Act), partindo da premissa de se estabelecer uma pol\u00edtica de gest\u00e3o e realizar um planejamento, desdobrando a pol\u00edtica em objetivos e metas de desempenho, definindo assim procedimentos e processos operacionais a fim de garantir e direcionar a implanta\u00e7\u00e3o efetiva das diretrizes da pol\u00edtica da organiza\u00e7\u00e3o.<\/p>\n<p><b>RESULTADOS QUANTITATIVOS:<\/b><br \/>\n&#8211; Melhoria da satisfa\u00e7\u00e3o dos clientes;<br \/>\n&#8211; Redu\u00e7\u00e3o de retrabalho e perdas por defeitos;<br \/>\n&#8211; Melhoria do desempenho ambiental (emiss\u00f5es atmosf\u00e9ricas e efluentes l\u00edquidos dentro de padr\u00f5es legais, gerenciamento de res\u00edduos buscando sua redu\u00e7\u00e3o na fonte e formas de reaproveitamento);<br \/>\n&#8211; Redu\u00e7\u00e3o de desperd\u00edcios de mat\u00e9rias primas, \u00e1gua, energia el\u00e9trica;<br \/>\n&#8211; Redu\u00e7\u00e3o dos \u00edndices de doen\u00e7as ocupacionais e acidentes de trabalho.<\/p>\n<p><b>RESULTADOS QUALITATIVOS:<\/b><br \/>\n&#8211; Gest\u00e3o consistente com os prop\u00f3sitos da organiza\u00e7\u00e3o e necessidades dos clientes;<br \/>\n&#8211; Otimiza\u00e7\u00e3o na utiliza\u00e7\u00e3o dos recursos internos;<br \/>\n&#8211; Melhoria da comunica\u00e7\u00e3o;<br \/>\n&#8211; Melhoria do comprometimento da organiza\u00e7\u00e3o;<br \/>\n&#8211; Abordagem de riscos e oportunidades;<br \/>\n&#8211; Maior competitividade;<br \/>\n&#8211; Conformidade legal e melhor relacionamento com os \u00f3rg\u00e3os ambientais;<br \/>\n&#8211; Conformidade com requisitos do mercado no qual a empresa atua;<br \/>\n&#8211; Conformidade com requisitos de financiamento de alguns bancos;<br \/>\n&#8211; Melhoria da imagem institucional perante a comunidade, mercado e colaboradores.[\/vc_column_text][\/vc_tta_section][vc_tta_section title=&#8221;Sistema de Padroniza\u00e7\u00e3o&#8221; tab_id=&#8221;1611167309933-48c31e2a-1511&#8243;][vc_column_text css=&#8221;.vc_custom_1611167783129{margin-bottom: 0px !important;}&#8221;]<b>O QUE \u00c9?<\/b><br \/>\n\u00c9 um sistema de recupera\u00e7\u00e3o de informa\u00e7\u00f5es que compreende:<br \/>\n&#8211; O conjunto das atividades para criar, utilizar e avaliar os padr\u00f5es e seus resultados;<br \/>\n&#8211; O conjunto de conceitos e crit\u00e9rios bem definidos e estruturados para redigir, identificar, classificar, codificar, revisar e controlar o registro, a distribui\u00e7\u00e3o, o recebimento e o arquivamento dos padr\u00f5es, de acordo com seu tipo;<br \/>\n&#8211; Responsabilidade pela aprova\u00e7\u00e3o e fun\u00e7\u00e3o \u00e0 qual ela se refere.<\/p>\n<p><b>PARA QUE SERVE?<\/b><br \/>\nServe como reposit\u00f3rio do conhecimento da empresa. Os padr\u00f5es, elaborados de acordo com os conceitos e crit\u00e9rios estabelecidos pelo sistema, s\u00e3o registrados e arquivados de forma padronizada (o sistema estabelece crit\u00e9rios para registro, arquivamento e pesquisa dos padr\u00f5es) para serem facilmente localizados e recuperados.<\/p>\n<p>Tamb\u00e9m serve para assegurar a qualidade da reda\u00e7\u00e3o e formata\u00e7\u00e3o dos padr\u00f5es, j\u00e1 que estabelece crit\u00e9rios comuns para que isso aconte\u00e7a. Sendo assim, os padr\u00f5es de um mesmo tipo obedecer\u00e3o sempre a mesma estrutura (formato, quantidade e sequ\u00eancia de cap\u00edtulos, por exemplo).<\/p>\n<p><b>RESULTADOS QUANTITATIVOS:<\/b><br \/>\n&#8211; Obten\u00e7\u00e3o de resultados previs\u00edveis em processos repetitivos.<\/p>\n<p><b>RESULTADOS QUALITATIVOS:<\/b><br \/>\n&#8211; Torna os processos previs\u00edveis;<br \/>\n&#8211; Constru\u00e7\u00e3o da base para a melhoria cont\u00ednua;<br \/>\n&#8211; Possibilita uma comunica\u00e7\u00e3o mais eficiente e eficaz;<br \/>\n&#8211; Estabelece claramente os limites de delega\u00e7\u00e3o do trabalho;<br \/>\n&#8211; Assegura o dom\u00ednio tecnol\u00f3gico da organiza\u00e7\u00e3o;<br \/>\n&#8211; Garante acesso ao conhecimento da t\u00e9cnica e tecnologia da organiza\u00e7\u00e3o.[\/vc_column_text][\/vc_tta_section][\/vc_tta_accordion][\/vc_column][\/vc_row]<\/p>\n","protected":false},"excerpt":{"rendered":"<p>[vc_row][vc_column width=&#8221;1\/2&#8243;][vc_custom_heading text=&#8221;Normas ISO + SGI + Padroniza\u00e7\u00e3o:&#8221; use_theme_fonts=&#8221;yes&#8221; el_class=&#8221;title&#8221;][vc_column_text] Prepara\u00e7\u00e3o da empresa para as Certifica\u00e7\u00f5es: Obten\u00e7\u00e3o, Manuten\u00e7\u00e3o e Renova\u00e7\u00e3o. [\/vc_column_text][\/vc_column][vc_column width=&#8221;1\/2&#8243;][vc_single_image image=&#8221;2542&#8243; img_size=&#8221;590&#215;394&#8243;][\/vc_column][\/vc_row][vc_row][vc_column][vc_tta_accordion style=&#8221;anps-style-1&#8243; shape=&#8221;square&#8221; active_section=&#8221;1&#8243;][vc_tta_section title=&#8221;ISO 9001&#8243; tab_id=&#8221;1453278718305-b6d352bb-e0a6&#8243;][vc_column_text css=&#8221;.vc_custom_1611167482864{margin-bottom: 0px !important;}&#8221;]O QUE \u00c9? Norma internacionalmente reconhecida para a &hellip;<\/p>\n","protected":false},"author":1,"featured_media":0,"parent":2365,"menu_order":6,"comment_status":"closed","ping_status":"closed","template":"","meta":[],"_links":{"self":[{"href":"https:\/\/waaconsultoria.com.br\/home\/wp-json\/wp\/v2\/pages\/1524"}],"collection":[{"href":"https:\/\/waaconsultoria.com.br\/home\/wp-json\/wp\/v2\/pages"}],"about":[{"href":"https:\/\/waaconsultoria.com.br\/home\/wp-json\/wp\/v2\/types\/page"}],"author":[{"embeddable":true,"href":"https:\/\/waaconsultoria.com.br\/home\/wp-json\/wp\/v2\/users\/1"}],"replies":[{"embeddable":true,"href":"https:\/\/waaconsultoria.com.br\/home\/wp-json\/wp\/v2\/comments?post=1524"}],"version-history":[{"count":8,"href":"https:\/\/waaconsultoria.com.br\/home\/wp-json\/wp\/v2\/pages\/1524\/revisions"}],"predecessor-version":[{"id":2639,"href":"https:\/\/waaconsultoria.com.br\/home\/wp-json\/wp\/v2\/pages\/1524\/revisions\/2639"}],"up":[{"embeddable":true,"href":"https:\/\/waaconsultoria.com.br\/home\/wp-json\/wp\/v2\/pages\/2365"}],"wp:attachment":[{"href":"https:\/\/waaconsultoria.com.br\/home\/wp-json\/wp\/v2\/media?parent=1524"}],"curies":[{"name":"wp","href":"https:\/\/api.w.org\/{rel}","templated":true}]}}