{"id":2705,"date":"2021-01-25T13:24:23","date_gmt":"2021-01-25T16:24:23","guid":{"rendered":"https:\/\/waaconsultoria.com.br\/home\/?page_id=2705"},"modified":"2021-01-26T13:54:50","modified_gmt":"2021-01-26T16:54:50","slug":"termos-de-uso","status":"publish","type":"page","link":"https:\/\/waaconsultoria.com.br\/home\/termos-de-uso\/","title":{"rendered":"Termos de Uso"},"content":{"rendered":"<p>[vc_row][vc_column][vc_column_text]Estes Termos de Uso estabelecem a rela\u00e7\u00e3o entre a\u00a0<strong>WAA Consultoria<\/strong>\u00a0e os usu\u00e1rios de internet que o utilizam, sobre o uso do nosso website, bem como de seus conte\u00fados e confere a estes usu\u00e1rios, seu livre, expresso e informado consentimento com os termos aqui estipulados, na vers\u00e3o em que estiver publicada no exato momento de sua utiliza\u00e7\u00e3o. Deste modo, a utiliza\u00e7\u00e3o de nosso website presume a leitura desses Termos de Uso.<\/p>\n<p>Os Termos de Uso poder\u00e3o ser atualizados a qualquer tempo e voc\u00ea poder\u00e1 ser notificado mediante um aviso nesta p\u00e1gina.<\/p>\n<p>Sua intera\u00e7\u00e3o conosco atrav\u00e9s deste website n\u00e3o caracteriza qualquer forma de consultoria empresarial.<\/p>\n<p>Nosso website restringe-se a informar o usu\u00e1rio sobre quem somos, nossa forma de atua\u00e7\u00e3o, solu\u00e7\u00f5es que oferecemos, publica\u00e7\u00f5es e contato.<\/p>\n<p>Os conte\u00fados publicados em nosso website s\u00e3o informativos, de uso pessoal e n\u00e3o comercial, sendo proibido o compartilhamento sem a devida men\u00e7\u00e3o, sob pena de viola\u00e7\u00e3o aos direitos autorais de quem os criou.<\/p>\n<p>Ao acessar este website, o usu\u00e1rio concorda que o mesmo ser\u00e1 feito apenas com a finalidade de obter informa\u00e7\u00f5es do conte\u00fado disponibilizado e sem empregar meios que prejudiquem o seu funcionamento.<\/p>\n<p>Em caso de d\u00favida sobre os Termos de Uso, fale conosco atrav\u00e9s do e-mail: <a href=\"mailto:contato@waaconsultoria.com.br\">contato@waaconsultoria.com.br<\/a>\u00a0ou pelo telefone (11) 4765-4019.[\/vc_column_text][\/vc_column][\/vc_row][vc_row disable_element=&#8221;yes&#8221;][vc_column][vc_custom_heading text=&#8221;TERMOS DE USO&#8221; use_theme_fonts=&#8221;yes&#8221; el_class=&#8221;title&#8221;][\/vc_column][\/vc_row]<\/p>\n","protected":false},"excerpt":{"rendered":"<p>[vc_row][vc_column][vc_column_text]Estes Termos de Uso estabelecem a rela\u00e7\u00e3o entre a\u00a0WAA Consultoria\u00a0e os usu\u00e1rios de internet que o utilizam, sobre o uso do nosso website, bem como de seus conte\u00fados e confere a estes usu\u00e1rios, seu livre, expresso e informado consentimento com &hellip;<\/p>\n","protected":false},"author":1,"featured_media":0,"parent":0,"menu_order":0,"comment_status":"closed","ping_status":"closed","template":"","meta":[],"_links":{"self":[{"href":"https:\/\/waaconsultoria.com.br\/home\/wp-json\/wp\/v2\/pages\/2705"}],"collection":[{"href":"https:\/\/waaconsultoria.com.br\/home\/wp-json\/wp\/v2\/pages"}],"about":[{"href":"https:\/\/waaconsultoria.com.br\/home\/wp-json\/wp\/v2\/types\/page"}],"author":[{"embeddable":true,"href":"https:\/\/waaconsultoria.com.br\/home\/wp-json\/wp\/v2\/users\/1"}],"replies":[{"embeddable":true,"href":"https:\/\/waaconsultoria.com.br\/home\/wp-json\/wp\/v2\/comments?post=2705"}],"version-history":[{"count":7,"href":"https:\/\/waaconsultoria.com.br\/home\/wp-json\/wp\/v2\/pages\/2705\/revisions"}],"predecessor-version":[{"id":2731,"href":"https:\/\/waaconsultoria.com.br\/home\/wp-json\/wp\/v2\/pages\/2705\/revisions\/2731"}],"wp:attachment":[{"href":"https:\/\/waaconsultoria.com.br\/home\/wp-json\/wp\/v2\/media?parent=2705"}],"curies":[{"name":"wp","href":"https:\/\/api.w.org\/{rel}","templated":true}]}}